he prime factors of 3520?
2, 5, 11
What are the prime factors of 241?
241
What are the prime factors of 69876?
2, 3, 647
List the prime factors of 126707.
7, 23, 787
What are the prime factors of 167754?
2, 3, 73, 383
What are the prime factors of 2950?
2, 5, 59
What are the prime factors of 32442?
2, 3, 5407
What are the prime factors of 4034?
2, 2017
List the prime factors of 4009.
19, 211
What are the prime factors of 6?
2, 3
List the prime factors of 10033.
79, 127
What are the prime factors of 44968?
2, 7, 11, 73
List the prime factors of 12092.
2, 3023
List the prime factors of 1573.
11, 13
What are the prime factors of 10195?
5, 2039
List the prime factors of 11988.
2, 3, 37
List the prime factors of 1465.
5, 293
What are the prime factors of 1296?
2, 3
List the prime factors of 8153.
31, 263
What are the prime factors of 19342?
2, 19, 509
List the prime factors of 179.
179
What are the prime factors of 6179?
37, 167
List the prime factors of 7353.
3, 19, 43
List the prime factors of 15058.
2, 7529
List the prime factors of 7717.
7717
List the prime factors of 46913.
43, 1091
List the prime factors of 49789.
49789
What are the prime factors of 2775?
3, 5, 37
List the prime factors of 42348.
2, 3, 3529
List the prime factors of 201066.
2, 3, 23, 31, 47
List the prime factors of 5163.
3, 1721
List the prime factors of 87459.
3, 29153
What are the prime factors of 6190?
2, 5, 619
What are the prime factors of 3541?
3541
What are the prime factors of 7101?
3, 263
List the prime factors of 4189.
59, 71
List the prime factors of 70922.
2, 35461
What are the prime factors of 96219?
3, 10691
What are the prime factors of 4097?
17, 241
What are the prime factors of 610?
2, 5, 61
What are the prime factors of 167?
167
List the prime factors of 991.
991
List the prime factors of 9273.
3, 11, 281
List the prime factors of 3599.
59, 61
List the prime factors of 2346.
2, 3, 17, 23
What are the prime factors of 16138?
2, 8069
What are the prime factors of 366?
2, 3, 61
What are the prime factors of 253?
11, 23
What are the prime factors of 428?
2, 107
What are the prime factors of 28133?
7, 4019
List the prime factors of 507.
3, 13
What are the prime factors of 29420?
2, 5, 1471
List the prime factors of 20977.
11, 1907
What are the prime factors of 38056?
2, 67, 71
List the prime factors of 1190.
2, 5, 7, 17
List the prime factors of 25.
5
List the prime factors of 3396.
2, 3, 283
List the prime factors of 1844.
2, 461
List the prime factors of 59925.
3, 5, 17, 47
What are the prime factors of 11799?
3, 19, 23
List the prime factors of 6965.
5, 7, 199
What are the prime factors of 98622?
2, 3, 5479
What are the prime factors of 125?
5
What are the prime factors of 9151?
9151
What are the prime factors of 1894?
2, 947
What are the prime factors of 6998?
2, 3499
List the prime factors of 2005.
5, 401
What are the prime factors of 516?
2, 3, 43
List the prime factors of 1122.
2, 3, 11, 17
List the prime factors of 27065.
5, 5413
What are the prime factors of 9789?
3, 13, 251
List the prime factors of 1879.
1879
What are the prime factors of 1434?
2, 3, 239
What are the prime factors of 158?
2, 79
What are the prime factors of 2683?
2683
What are the prime factors of 9024?
2, 3, 47
What are the prime factors of 976?
2, 61
List the prime factors of 1306.
2, 653
List the prime factors of 775.
5, 31
List the prime factors of 874.
2, 19, 23
What are the prime factors of 17498?
2, 13, 673
List the prime factors of 3596.
2, 29, 31
List the prime factors of 819.
3, 7, 13
What are the prime factors of 1809?
3, 67
List the prime factors of 5506.
2, 2753
What are the prime factors of 23863?
7, 487
What are the prime factors of 3661?
7, 523
What are the prime factors of 895?
5, 179
List the prime factors of 506.
2, 11, 23
What are the prime factors of 2890?
2, 5, 17
What are the prime factors of 1866?
2, 3, 311
What are the prime factors of 92?
2, 23
List the prime factors of 3448.
2, 431
What are the prime factors of 847?
7, 11
What are the prime factors of 440?
2, 5, 11
What are the prime factors of 42201?
3, 521
What are the prime factors of 3628?
2, 907
What are the prime factors of 367?
367
What are the prime factors of 4941?
3, 61
What are the prime factors of 11507?
37, 311
List the prime factors of 7805.
5, 7, 223
List the prime factors of 108441.
3, 12049
List the prime factors of 7829.
7829
List the prime factors of 590.
2, 5, 59
List the prime factors of 4136.
2, 11, 47
What are the prime factors of 1829?
31, 59
List the prime factors of 2107.
7, 43
List the prime factors of 95152.
2, 19, 313
List the prime factors of 57259.
57259
What are the prime factors of 13121?
13121
List the prime factors of 40251.
3, 13417
What are the prime factors of 1406?
2, 19, 37
What are the prime factors of 8258?
2, 4129
List the prime factors of 46221.
3, 7, 31, 71
List the prime factors of 8465.
5, 1693
What are the prime factors of 3339?
3, 7, 53
What are the prime factors of 19918?
2, 23, 433
What are the prime factors of 25203?
3, 31, 271
What are the prime factors of 852?
2, 3, 71
What are the prime factors of 438?
2, 3, 73
List the prime factors of 1686.
2, 3, 281
What are the prime factors of 56636?
2, 14159
What are the prime factors of 1605?
3, 5, 107
What are the prime factors of 14160?
2, 3, 5, 59
List the prime factors of 2617.
2617
What are the prime factors of 25183?
25183
List the prime factors of 526.
2, 263
List the prime factors of 913.
11, 83
List the prime factors of 312.
2, 3, 13
What are the prime factors of 1799?
7, 257
List the prime factors of 591.
3, 197
List the prime factors of 1482.
2, 3, 13, 19
List the prime factors of 722.
2, 19
List the prime factors of 379.
379
List the prime factors of 1076.
2, 269
List the prime factors of 1292.
2, 17, 19
What are the prime factors of 77?
7, 11
What are the prime factors of 3487?
11, 317
List the prime factors of 111687.
3, 59, 631
What are the prime factors of 272?
2, 17
What are the prime factors of 286?
2, 11, 13
List the prime factors of 12859.
7, 11, 167
What are the prime factors of 819?
3, 7, 13
List the prime factors of 10734.
2, 3, 1789
List the prime factors of 951.
3, 317
List the prime factors of 1961.
37, 53
What are the prime factors of 114799?
114799
What are the prime factors of 4247?
31, 137
List the prime factors of 13172.
2, 37, 89
What are the prime factors of 27804?
2, 3, 7, 331
What are the prime factors of 97569?
3, 37, 293
What are the prime factors of 26246?
2, 11, 1193
List the prime factors of 314.
2, 157
What are the prime factors of 15278?
2, 7639
List the prime factors of 84074.
2, 127, 331
What are the prime factors of 39821?
39821
What are the prime factors of 6949?
6949
List the prime factors of 11350.
2, 5, 227
List the prime factors of 228.
2, 3, 19
What are the prime factors of 582?
2, 3, 97
What are the prime factors of 217?
7, 31
What are the prime factors of 7017?
3, 2339
List the prime factors of 660.
2, 3, 5, 11
What are the prime factors of 13119?
3, 4373
What are the prime factors of 114084?
2, 3, 3169
What are the prime factors of 96242?
2, 48121
What are the prime factors of 923?
13, 71
List the prime factors of 4312.
2, 7, 11
What are the prime factors of 33565?
5, 7, 137
What are the prime factors of 88355?
5, 41, 431
What are the prime factors of 11819?
53, 223
What are the prime factors of 694?
2, 347
What are the prime factors of 2361?
3, 787
List the prime factors of 1606.
2, 11, 73
What are the prime factors of 15613?
13, 1201
What are the prime factors of 4465?
5, 19, 47
What are the prime factors of 1770?
2, 3, 5, 59
What are the prime factors of 8833?
11, 73
What are the prime factors of 42540?
2, 3, 5, 709
List the prime factors of 16990.
2, 5, 1699
List the prime factors of 29952.
2, 3, 13
What are the prime factors of 14700?
2, 3, 5, 7
List the prime factors of 43141.
7, 6163
What are the prime factors of 14300?
2, 5, 11, 13
List the prime factors of 2921.
23, 127
What are the prime factors of 508?
2, 127
What are the prime factors of 40011?
3, 13337
What are the prime factors of 2777?
2777
List the prime factors of 2031.
3, 677
What are the prime factors of 60170?
2, 5, 11, 547
List the prime factors of 1553.
1553
List the prime factors of 